ed by 7699?
34
What is the remainder when 6277 is divided by 311?
57
What is the remainder when 43789 is divided by 14558?
115
What is the remainder when 30574 is divided by 12?
10
Calculate the remainder when 1579 is divided by 216.
67
What is the remainder when 12225 is divided by 142?
13
Calculate the remainder when 67132 is divided by 167.
165
What is the remainder when 4341 is divided by 434?
1
What is the remainder when 14091 is divided by 640?
11
Calculate the remainder when 52746 is divided by 298.
0
What is the remainder when 8833 is divided by 1467?
31
Calculate the remainder when 264666 is divided by 13.
12
Calculate the remainder when 1270564 is divided by 162.
160
What is the remainder when 69708 is divided by 9956?
16
Calculate the remainder when 79806 is divided by 88.
78
What is the remainder when 81591 is divided by 203?
188
What is the remainder when 1303 is divided by 329?
316
What is the remainder when 145420 is divided by 16?
12
What is the remainder when 249635 is divided by 286?
243
What is the remainder when 594 is divided by 443?
151
Calculate the remainder when 27551 is divided by 21.
20
What is the remainder when 214539 is divided by 6?
3
Calculate the remainder when 2931 is divided by 711.
87
Calculate the remainder when 3554 is divided by 845.
174
Calculate the remainder when 14854 is divided by 4949.
7
What is the remainder when 866 is divided by 755?
111
What is the remainder when 28160 is divided by 9384?
8
What is the remainder when 1967 is divided by 853?
261
What is the remainder when 34690 is divided by 3845?
85
Calculate the remainder when 27835 is divided by 32.
27
Calculate the remainder when 113728 is divided by 10337.
21
Calculate the remainder when 106756 is divided by 647.
1
Calculate the remainder when 1756 is divided by 63.
55
What is the remainder when 1798 is divided by 25?
23
Calculate the remainder when 277888 is divided by 42.
16
What is the remainder when 668 is divided by 147?
80
What is the remainder when 28556 is divided by 140?
136
Calculate the remainder when 168928 is divided by 101.
56
What is the remainder when 16544 is divided by 128?
32
What is the remainder when 4858 is divided by 1140?
298
What is the remainder when 6566 is divided by 572?
274
What is the remainder when 86463 is divided by 165?
3
Calculate the remainder when 60189 is divided by 264.
261
Calculate the remainder when 541668 is divided by 39.
36
What is the remainder when 524357 is divided by 36?
17
Calculate the remainder when 1813 is divided by 190.
103
Calculate the remainder when 5338 is divided by 198.
190
Calculate the remainder when 10400 is divided by 57.
26
Calculate the remainder when 529635 is divided by 246.
243
Calculate the remainder when 15888 is divided by 35.
33
What is the remainder when 19024 is divided by 389?
352
What is the remainder when 16288 is divided by 1125?
538
What is the remainder when 1033 is divided by 585?
448
What is the remainder when 451792 is divided by 26576?
0
Calculate the remainder when 506947 is divided by 3110.
17
What is the remainder when 4939 is divided by 66?
55
What is the remainder when 454 is divided by 250?
204
What is the remainder when 2677 is divided by 189?
31
What is the remainder when 2003 is divided by 589?
236
Calculate the remainder when 154895 is divided by 154868.
27
What is the remainder when 130459 is divided by 2609?
9
Calculate the remainder when 211 is divided by 84.
43
Calculate the remainder when 500313 is divided by 346.
343
What is the remainder when 19985 is divided by 606?
593
Calculate the remainder when 237139 is divided by 129.
37
Calculate the remainder when 20851 is divided by 10.
1
What is the remainder when 18178 is divided by 138?
100
Calculate the remainder when 17194 is divided by 2452.
30
What is the remainder when 26389 is divided by 42?
13
What is the remainder when 9072 is divided by 2999?
75
What is the remainder when 5338 is divided by 513?
208
What is the remainder when 787 is divided by 634?
153
What is the remainder when 25280 is divided by 1207?
1140
Calculate the remainder when 4917 is divided by 1224.
21
Calculate the remainder when 108154 is divided by 69.
31
What is the remainder when 481 is divided by 220?
41
What is the remainder when 48871 is divided by 298?
297
What is the remainder when 6425 is divided by 236?
53
Calculate the remainder when 1168 is divided by 137.
72
What is the remainder when 1353 is divided by 7?
2
What is the remainder when 874 is divided by 362?
150
What is the remainder when 2385562 is divided by 65?
62
Calculate the remainder when 1124 is divided by 49.
46
What is the remainder when 1633 is divided by 553?
527
What is the remainder when 488 is divided by 95?
13
Calculate the remainder when 11831 is divided by 1183.
1
Calculate the remainder when 83231 is divided by 16639.
36
What is the remainder when 25046 is divided by 34?
22
Calculate the remainder when 30508 is divided by 30.
28
What is the remainder when 1399 is divided by 1258?
141
What is the remainder when 25312 is divided by 12623?
66
Calculate the remainder when 2483 is divided by 309.
11
Calculate the remainder when 235267 is divided by 58811.
23
Calculate the remainder when 33461 is divided by 683.
677
Calculate the remainder when 35173 is divided by 17567.
39
Calculate the remainder when 207999 is divided by 21.
15
What is the remainder when 21702 is divided by 52?
18
Calculate the remainder when 4825 is divided by 2404.
17
Calculate the remainder when 81587 is divided by 36.
11
Calculate the remainder when 2789 is divided by 692.
21
What is the remainder when 4441 is divided by 258?
55
Calculate the remainder when 56 is divided by 48.
8
Calculate the remainder when 44868 is divided by 153.
39
What is the remainder when 171 is divided by 14?
3
What is the remainder when 18614 is divided by 9302?
10
Calculate the remainder when 73917 is divided by 207.
18
Calculate the remainder when 230 is divided by 30.
20
Calculate the remainder when 33255 is divided by 706.
73
What is the remainder when 5952 is divided by 777?
513
Calculate the remainder when 38334 is divided by 9583.
2
What is the remainder when 10910 is divided by 779?
4
What is the remainder when 111135 is divided by 37040?
15
What is the remainder when 55813 is divided by 786?
7
Calculate the remainder when 174652 is divided by 43663.
0
Calculate the remainder when 2316 is divided by 73.
53
What is the remainder when 3801 is divided by 3799?
2
Calculate the remainder when 83163 is divided by 83.
80
Calculate the remainder when 78214 is divided by 12.
10
Calculate the remainder when 11312842 is divided by 1523.
1521
What is the remainder when 24685 is divided by 12342?
1
Calculate the remainder when 2602 is divided by 327.
313
Calculate the remainder when 227969 is divided by 6.
5
Calculate the remainder when 43126 is divided by 583.
567
Calculate the remainder when 17 is divided by 14.
3
Calculate the remainder when 15910 is divided by 70.
20
What is the remainder when 46209 is divided by 215?
199
What is the remainder when 177236 is divided by 320?
276
Calculate the remainder when 22934 is divided by 2548.
2
What is the remainder when 7803 is divided by 316?
219
What is the remainder when 370826 is divided by 3?
2
What is the remainder when 8126 is divided by 127?
125
What is the remainder when 4244 is divided by 530?
4
Calculate the remainder when 22114 is divided by 1048.
106
Calculate the remainder when 11642 is divided by 29.
13
Calculate the remainder when 317853 is divided by 88.
85
What is the remainder when 319895 is divided by 74?
67
Calculate the remainder when 7977 is divided by 95.
92
What is the remainder when 122270 is divided by 43?
21
What is the remainder when 209326 is divided by 1068?
1066
Calculate the remainder when 48355 is divided by 1029.
1021
What is the remainder when 68659 is divided by 86?
31
What is the remainder when 157408 is divided by 90?
88
What is the remainder when 22055 is divided by 126?
5
Calculate the remainder when 17626 is divided by 3.
1
Calculate the remainder when 6762 is divided by 6718.
44
What is the remainder when 4755 is divided by 17?
12
Calculate the remainder when 23156 is divided by 4629.
11
What is the remainder w